[INFO] cloning repository https://github.com/Maxeonyx/terrain-viewer
[INFO] running `Command { std: "git" "-c" "credential.helper=" "-c" "credential.helper=/workspace/cargo-home/bin/git-credential-null" "clone" "--bare" "https://github.com/Maxeonyx/terrain-viewer" "/workspace/cache/git-repos/https%3A%2F%2Fgithub.com%2FMaxeonyx%2Fterrain-viewer", kill_on_drop: false }`
[INFO] [stderr] Cloning into bare repository '/workspace/cache/git-repos/https%3A%2F%2Fgithub.com%2FMaxeonyx%2Fterrain-viewer'...
[INFO] running `Command { std: "git" "rev-parse" "HEAD", kill_on_drop: false }`
[INFO] [stdout] cabbac6f2dca31c13ba83f6f4638254abc5239ae
[INFO] checking Maxeonyx/terrain-viewer against master#e6e4f7ed1589e03bc2f6c5931c1a72e7947e8682 for beta-170-4
[INFO] running `Command { std: "git" "clone" "/workspace/cache/git-repos/https%3A%2F%2Fgithub.com%2FMaxeonyx%2Fterrain-viewer" "/workspace/builds/worker-1-tc2/source", kill_on_drop: false }`
[INFO] [stderr] Cloning into '/workspace/builds/worker-1-tc2/source'...
[INFO] [stderr] done.
[INFO] validating manifest of git repo https://github.com/Maxeonyx/terrain-viewer on toolchain e6e4f7ed1589e03bc2f6c5931c1a72e7947e8682
[INFO] running `Command { std: CARGO_HOME="/workspace/cargo-home" RUSTUP_HOME="/workspace/rustup-home" "/workspace/cargo-home/bin/cargo" "+e6e4f7ed1589e03bc2f6c5931c1a72e7947e8682" "metadata" "--manifest-path" "Cargo.toml" "--no-deps", kill_on_drop: false }`
[INFO] started tweaking git repo https://github.com/Maxeonyx/terrain-viewer
[INFO] finished tweaking git repo https://github.com/Maxeonyx/terrain-viewer
[INFO] tweaked toml for git repo https://github.com/Maxeonyx/terrain-viewer written to /workspace/builds/worker-1-tc2/source/Cargo.toml
[INFO] crate git repo https://github.com/Maxeonyx/terrain-viewer already has a lockfile, it will not be regenerated
[INFO] running `Command { std: CARGO_HOME="/workspace/cargo-home" RUSTUP_HOME="/workspace/rustup-home" "/workspace/cargo-home/bin/cargo" "+e6e4f7ed1589e03bc2f6c5931c1a72e7947e8682" "fetch" "--manifest-path" "Cargo.toml", kill_on_drop: false }`
[INFO] running `Command { std: "docker" "create" "-v" "/var/lib/crater-agent-workspace/builds/worker-1-tc2/target:/opt/rustwide/target:rw,Z" "-v" "/var/lib/crater-agent-workspace/builds/worker-1-tc2/source:/opt/rustwide/workdir:ro,Z" "-v" "/var/lib/crater-agent-workspace/cargo-home:/opt/rustwide/cargo-home:ro,Z" "-v" "/var/lib/crater-agent-workspace/rustup-home:/opt/rustwide/rustup-home:ro,Z" "-e" "SOURCE_DIR=/opt/rustwide/workdir" "-e" "CARGO_TARGET_DIR=/opt/rustwide/target" "-e" "CARGO_HOME=/opt/rustwide/cargo-home" "-e" "RUSTUP_HOME=/opt/rustwide/rustup-home" "-w" "/opt/rustwide/workdir" "-m" "1610612736" "--user" "0:0" "--network" "none" "ghcr.io/rust-lang/crates-build-env/linux@sha256:19e73879b68f455e41552ea35293514db52ea292d993f571636dbffedb77a1ee" "/opt/rustwide/cargo-home/bin/cargo" "+e6e4f7ed1589e03bc2f6c5931c1a72e7947e8682" "metadata" "--no-deps" "--format-version=1", kill_on_drop: false }`
[INFO] [stdout] 1b123370a30657f8e009c1be8f28652ce594941d5197d8b24db05900aa5841e7
[INFO] running `Command { std: "docker" "start" "-a" "1b123370a30657f8e009c1be8f28652ce594941d5197d8b24db05900aa5841e7", kill_on_drop: false }`
[INFO] running `Command { std: "docker" "inspect" "1b123370a30657f8e009c1be8f28652ce594941d5197d8b24db05900aa5841e7", kill_on_drop: false }`
[INFO] running `Command { std: "docker" "rm" "-f" "1b123370a30657f8e009c1be8f28652ce594941d5197d8b24db05900aa5841e7", kill_on_drop: false }`
[INFO] [stdout] 1b123370a30657f8e009c1be8f28652ce594941d5197d8b24db05900aa5841e7
[INFO] running `Command { std: "docker" "create" "-v" "/var/lib/crater-agent-workspace/builds/worker-1-tc2/target:/opt/rustwide/target:rw,Z" "-v" "/var/lib/crater-agent-workspace/builds/worker-1-tc2/source:/opt/rustwide/workdir:ro,Z" "-v" "/var/lib/crater-agent-workspace/cargo-home:/opt/rustwide/cargo-home:ro,Z" "-v" "/var/lib/crater-agent-workspace/rustup-home:/opt/rustwide/rustup-home:ro,Z" "-e" "SOURCE_DIR=/opt/rustwide/workdir" "-e" "CARGO_TARGET_DIR=/opt/rustwide/target" "-e" "CARGO_INCREMENTAL=0" "-e" "RUST_BACKTRACE=full" "-e" "RUSTFLAGS=--cap-lints=forbid" "-e" "RUSTDOCFLAGS=--cap-lints=forbid" "-e" "CARGO_HOME=/opt/rustwide/cargo-home" "-e" "RUSTUP_HOME=/opt/rustwide/rustup-home" "-w" "/opt/rustwide/workdir" "-m" "1610612736" "--user" "0:0" "--network" "none" "ghcr.io/rust-lang/crates-build-env/linux@sha256:19e73879b68f455e41552ea35293514db52ea292d993f571636dbffedb77a1ee" "/opt/rustwide/cargo-home/bin/cargo" "+e6e4f7ed1589e03bc2f6c5931c1a72e7947e8682" "check" "--frozen" "--all" "--all-targets" "--message-format=json", kill_on_drop: false }`
[INFO] [stdout] f77f9376d6e8f880cfd37086647f2e337c11bb5a72e6d8aab8ef57d78dce40d5
[INFO] running `Command { std: "docker" "start" "-a" "f77f9376d6e8f880cfd37086647f2e337c11bb5a72e6d8aab8ef57d78dce40d5", kill_on_drop: false }`
[INFO] [stderr]     Checking libc v0.2.43
[INFO] [stderr]    Compiling version_check v0.1.4
[INFO] [stderr]    Compiling bitflags v1.0.3
[INFO] [stderr]    Compiling cc v1.0.18
[INFO] [stderr]     Checking cfg-if v0.1.5
[INFO] [stderr]     Checking scopeguard v0.3.3
[INFO] [stderr]    Compiling num-traits v0.2.5
[INFO] [stderr]    Compiling xml-rs v0.7.0
[INFO] [stderr]    Compiling khronos_api v2.2.0
[INFO] [stderr]     Checking byteorder v1.2.4
[INFO] [stderr]    Compiling log v0.4.3
[INFO] [stderr]     Checking downcast-rs v1.0.3
[INFO] [stderr]     Checking nodrop v0.1.12
[INFO] [stderr]     Checking arrayvec v0.4.7
[INFO] [stderr]     Checking crossbeam-utils v0.2.2
[INFO] [stderr]    Compiling lazy_static v1.1.0
[INFO] [stderr]     Checking rand v0.4.2
[INFO] [stderr]     Checking unreachable v1.0.0
[INFO] [stderr]    Compiling num-integer v0.1.39
[INFO] [stderr]    Compiling wayland-scanner v0.20.11
[INFO] [stderr]    Compiling gl_generator v0.9.0
[INFO] [stderr]    Compiling nix v0.11.0
[INFO] [stderr]    Compiling proc-macro2 v0.4.12
[INFO] [stderr]     Checking rand_core v0.2.1
[INFO] [stderr]     Checking memoffset v0.2.1
[INFO] [stderr]    Compiling rayon-core v1.4.1
[INFO] [stderr]     Checking stable_deref_trait v1.1.1
[INFO] [stderr]    Compiling pkg-config v0.3.13
[INFO] [stderr]    Compiling libloading v0.5.0
[INFO] [stderr]     Checking crossbeam-epoch v0.3.1
[INFO] [stderr]     Checking owning_ref v0.3.3
[INFO] [stderr]     Checking rand v0.5.5
[INFO] [stderr]    Compiling wayland-client v0.20.11
[INFO] [stderr]    Compiling wayland-protocols v0.20.11
[INFO] [stderr]     Checking smallvec v0.6.4
[INFO] [stderr]     Checking remove_dir_all v0.5.1
[INFO] [stderr]     Checking parking_lot_core v0.2.14
[INFO] [stderr]    Compiling x11-dl v2.18.3
[INFO] [stderr]     Checking crossbeam-deque v0.2.0
[INFO] [stderr]     Checking dlib v0.4.1
[INFO] [stderr]     Checking wayland-sys v0.20.11
[INFO] [stderr]     Checking lock_api v0.1.3
[INFO] [stderr]     Checking wayland-commons v0.20.11
[INFO] [stderr]    Compiling backtrace-sys v0.1.23
[INFO] [stderr]     Checking num_cpus v1.8.0
[INFO] [stderr]     Checking tempfile v3.0.3
[INFO] [stderr]     Checking memmap v0.6.2
[INFO] [stderr]    Compiling rayon v1.0.2
[INFO] [stderr]     Checking adler32 v1.0.3
[INFO] [stderr]    Compiling num-iter v0.1.37
[INFO] [stderr]     Checking parking_lot v0.6.3
[INFO] [stderr]    Compiling quote v0.6.6
[INFO] [stderr]    Compiling glutin v0.17.0
[INFO] [stderr]     Checking shared_library v0.1.9
[INFO] [stderr]     Checking either v1.5.0
[INFO] [stderr]     Checking osmesa-sys v0.1.2
[INFO] [stderr]    Compiling syn v0.14.8
[INFO] [stderr]     Checking deflate v0.7.18
[INFO] [stderr]     Checking inflate v0.4.3
[INFO] [stderr]    Compiling glium v0.22.0
[INFO] [stderr]     Checking rustc-demangle v0.1.9
[INFO] [stderr]     Checking color_quant v1.0.1
[INFO] [stderr]     Checking lzw v0.10.0
[INFO] [stderr]    Compiling cgmath v0.16.1
[INFO] [stderr]     Checking gif v0.10.0
[INFO] [stderr]     Checking smithay-client-toolkit v0.2.6
[INFO] [stderr]     Checking backtrace v0.3.9
[INFO] [stderr]     Checking png v0.12.0
[INFO] [stderr]     Checking num-rational v0.1.42
[INFO] [stderr]     Checking jpeg-decoder v0.1.15
[INFO] [stderr]     Checking num-traits v0.1.43
[INFO] [stderr]     Checking fnv v1.0.6
[INFO] [stderr]     Checking approx v0.1.1
[INFO] [stderr]     Checking scoped_threadpool v0.1.9
[INFO] [stderr]     Checking winit v0.16.2
[INFO] [stderr]    Compiling num-derive v0.2.2
[INFO] [stderr]     Checking image v0.19.0
[INFO] [stderr]     Checking terrain-viewer v0.1.0 (/opt/rustwide/workdir)
[INFO] [stdout] warning: use of deprecated function `std::mem::uninitialized`: use `mem::MaybeUninit` instead
[INFO] [stdout]   --> src/program.rs:16:1
[INFO] [stdout]    |
[INFO] [stdout] 16 | implement_vertex!(Vertex, position);
[INFO] [stdout]    | ^^^^^^^^^^^^^^^^^^^^^^^^^^^^^^^^^^^
[INFO] [stdout]    |
[INFO] [stdout]    = note: `#[warn(deprecated)]` on by default
[INFO] [stdout]    = note: this warning originates in the macro `implement_vertex` (in Nightly builds, run with -Z macro-backtrace for more info)
[INFO] [stdout] 
[INFO] [stdout] 
[INFO] [stdout] warning: use of deprecated function `std::mem::uninitialized`: use `mem::MaybeUninit` instead
[INFO] [stdout]   --> src/program.rs:16:1
[INFO] [stdout]    |
[INFO] [stdout] 16 | implement_vertex!(Vertex, position);
[INFO] [stdout]    | ^^^^^^^^^^^^^^^^^^^^^^^^^^^^^^^^^^^
[INFO] [stdout]    |
[INFO] [stdout]    = note: `#[warn(deprecated)]` on by default
[INFO] [stdout]    = note: this warning originates in the macro `implement_vertex` (in Nightly builds, run with -Z macro-backtrace for more info)
[INFO] [stdout] 
[INFO] [stdout] 
[INFO] [stdout] error[E0283]: type annotations needed
[INFO] [stdout]    --> src/program.rs:131:61
[INFO] [stdout]     |
[INFO] [stdout] 131 |                     camera_position: <[f32; 3]>::from(self.camera.position.into()),
[INFO] [stdout]     |                                      ----------------                      ^^^^
[INFO] [stdout]     |                                      |
[INFO] [stdout]     |                                      required by a bound introduced by this call
[INFO] [stdout]     |
[INFO] [stdout]     = note: multiple `impl`s satisfying `[f32; 3]: From<_>` found in the `core` crate:
[INFO] [stdout]             - impl<T> From<!> for T;
[INFO] [stdout]             - impl<T> From<(T, T, T)> for [T; 3];
[INFO] [stdout]             - impl<T> From<T> for T;
[INFO] [stdout] help: try using a fully qualified path to specify the expected types
[INFO] [stdout]     |
[INFO] [stdout] 131 |                     camera_position: <[f32; 3]>::from(<Point3<f32> as Into<T>>::into(self.camera.position)),
[INFO] [stdout]     |                                                       +++++++++++++++++++++++++++++++                    ~
[INFO] [stdout] 
[INFO] [stdout] 
[INFO] [stdout] error[E0283]: type annotations needed
[INFO] [stdout]    --> src/program.rs:131:61
[INFO] [stdout]     |
[INFO] [stdout] 131 |                     camera_position: <[f32; 3]>::from(self.camera.position.into()),
[INFO] [stdout]     |                                                                            ^^^^
[INFO] [stdout]     |
[INFO] [stdout]     = note: multiple `impl`s satisfying `Point3<f32>: Into<_>` found in the following crates: `cgmath`, `core`:
[INFO] [stdout]             - impl<S> Into<(S, S, S)> for Point3<S>;
[INFO] [stdout]             - impl<S> Into<[S; 3]> for Point3<S>;
[INFO] [stdout]             - impl<T, U> Into<U> for T
[INFO] [stdout]               where U: From<T>;
[INFO] [stdout] help: try using a fully qualified path to specify the expected types
[INFO] [stdout]     |
[INFO] [stdout] 131 |                     camera_position: <[f32; 3]>::from(<Point3<f32> as Into<T>>::into(self.camera.position)),
[INFO] [stdout]     |                                                       +++++++++++++++++++++++++++++++                    ~
[INFO] [stdout] 
[INFO] [stdout] 
[INFO] [stdout] error[E0283]: type annotations needed
[INFO] [stdout]    --> src/program.rs:131:61
[INFO] [stdout]     |
[INFO] [stdout] 131 |                     camera_position: <[f32; 3]>::from(self.camera.position.into()),
[INFO] [stdout]     |                                      ----------------                      ^^^^
[INFO] [stdout]     |                                      |
[INFO] [stdout]     |                                      required by a bound introduced by this call
[INFO] [stdout]     |
[INFO] [stdout]     = note: multiple `impl`s satisfying `[f32; 3]: From<_>` found in the `core` crate:
[INFO] [stdout]             - impl<T> From<!> for T;
[INFO] [stdout]             - impl<T> From<(T, T, T)> for [T; 3];
[INFO] [stdout]             - impl<T> From<T> for T;
[INFO] [stdout] help: try using a fully qualified path to specify the expected types
[INFO] [stdout]     |
[INFO] [stdout] 131 |                     camera_position: <[f32; 3]>::from(<Point3<f32> as Into<T>>::into(self.camera.position)),
[INFO] [stdout]     |                                                       +++++++++++++++++++++++++++++++                    ~
[INFO] [stdout] 
[INFO] [stdout] 
[INFO] [stdout] error[E0283]: type annotations needed
[INFO] [stdout]    --> src/program.rs:133:51
[INFO] [stdout]     |
[INFO] [stdout] 133 |                     mvp_matrix: <[[f32; 4]; 4]>::from(mvp_matrix.into()),
[INFO] [stdout]     |                                                                  ^^^^
[INFO] [stdout]     |
[INFO] [stdout]     = note: multiple `impl`s satisfying `Matrix4<f32>: Into<_>` found in the following crates: `cgmath`, `core`:
[INFO] [stdout]             - impl<S> Into<[[S; 4]; 4]> for Matrix4<S>;
[INFO] [stdout]             - impl<T, U> Into<U> for T
[INFO] [stdout]               where U: From<T>;
[INFO] [stdout] help: try using a fully qualified path to specify the expected types
[INFO] [stdout]     |
[INFO] [stdout] 133 |                     mvp_matrix: <[[f32; 4]; 4]>::from(<Matrix4<f32> as Into<T>>::into(mvp_matrix)),
[INFO] [stdout]     |                                                       ++++++++++++++++++++++++++++++++          ~
[INFO] [stdout] 
[INFO] [stdout] 
[INFO] [stdout] error[E0283]: type annotations needed
[INFO] [stdout]    --> src/program.rs:131:61
[INFO] [stdout]     |
[INFO] [stdout] 131 |                     camera_position: <[f32; 3]>::from(self.camera.position.into()),
[INFO] [stdout]     |                                                                            ^^^^
[INFO] [stdout]     |
[INFO] [stdout]     = note: multiple `impl`s satisfying `Point3<f32>: Into<_>` found in the following crates: `cgmath`, `core`:
[INFO] [stdout]             - impl<S> Into<(S, S, S)> for Point3<S>;
[INFO] [stdout]             - impl<S> Into<[S; 3]> for Point3<S>;
[INFO] [stdout]             - impl<T, U> Into<U> for T
[INFO] [stdout]               where U: From<T>;
[INFO] [stdout] help: try using a fully qualified path to specify the expected types
[INFO] [stdout]     |
[INFO] [stdout] 131 |                     camera_position: <[f32; 3]>::from(<Point3<f32> as Into<T>>::into(self.camera.position)),
[INFO] [stdout]     |                                                       +++++++++++++++++++++++++++++++                    ~
[INFO] [stdout] 
[INFO] [stdout] 
[INFO] [stdout] error[E0283]: type annotations needed
[INFO] [stdout]    --> src/program.rs:133:51
[INFO] [stdout]     |
[INFO] [stdout] 133 |                     mvp_matrix: <[[f32; 4]; 4]>::from(mvp_matrix.into()),
[INFO] [stdout]     |                                                                  ^^^^
[INFO] [stdout]     |
[INFO] [stdout]     = note: multiple `impl`s satisfying `Matrix4<f32>: Into<_>` found in the following crates: `cgmath`, `core`:
[INFO] [stdout]             - impl<S> Into<[[S; 4]; 4]> for Matrix4<S>;
[INFO] [stdout]             - impl<T, U> Into<U> for T
[INFO] [stdout]               where U: From<T>;
[INFO] [stdout] help: try using a fully qualified path to specify the expected types
[INFO] [stdout]     |
[INFO] [stdout] 133 |                     mvp_matrix: <[[f32; 4]; 4]>::from(<Matrix4<f32> as Into<T>>::into(mvp_matrix)),
[INFO] [stdout]     |                                                       ++++++++++++++++++++++++++++++++          ~
[INFO] [stdout] 
[INFO] [stdout] 
[INFO] [stdout] error: aborting due to 3 previous errors; 1 warning emitted
[INFO] [stdout] 
[INFO] [stdout] 
[INFO] [stdout] For more information about this error, try `rustc --explain E0283`.
[INFO] [stdout] 
[INFO] [stdout] error: aborting due to 3 previous errors; 1 warning emitted
[INFO] [stdout] 
[INFO] [stdout] 
[INFO] [stdout] For more information about this error, try `rustc --explain E0283`.
[INFO] [stdout] 
[INFO] [stderr] error: could not compile `terrain-viewer` (bin "terrain-viewer") due to 4 previous errors; 1 warning emitted
[INFO] [stderr] warning: build failed, waiting for other jobs to finish...
[INFO] [stderr] error: could not compile `terrain-viewer` (bin "terrain-viewer" test) due to 4 previous errors; 1 warning emitted
[INFO] running `Command { std: "docker" "inspect" "f77f9376d6e8f880cfd37086647f2e337c11bb5a72e6d8aab8ef57d78dce40d5", kill_on_drop: false }`
[INFO] running `Command { std: "docker" "rm" "-f" "f77f9376d6e8f880cfd37086647f2e337c11bb5a72e6d8aab8ef57d78dce40d5", kill_on_drop: false }`
[INFO] [stdout] f77f9376d6e8f880cfd37086647f2e337c11bb5a72e6d8aab8ef57d78dce40d5
